y 722676?
221
What is the remainder when 39599951 is divided by 197?
193
What is the remainder when 157980 is divided by 3038?
4
What is the remainder when 14577019 is divided by 10?
9
What is the remainder when 1096136 is divided by 547926?
284
Calculate the remainder when 54430 is divided by 5615.
3895
Calculate the remainder when 4440619 is divided by 36.
19
What is the remainder when 6261374 is divided by 10?
4
Calculate the remainder when 226129305 is divided by 196.
185
What is the remainder when 33216127 is divided by 64?
63
What is the remainder when 213818 is divided by 85?
43
What is the remainder when 829866 is divided by 408?
402
What is the remainder when 72763 is divided by 35568?
1627
What is the remainder when 170443311 is divided by 3848?
3847
What is the remainder when 3215625 is divided by 1741?
1739
Calculate the remainder when 202276 is divided by 1593.
1558
Calculate the remainder when 51164103 is divided by 1271.
1269
What is the remainder when 9351931 is divided by 2624?
2619
What is the remainder when 74554 is divided by 2864?
90
Calculate the remainder when 1370642 is divided by 68528.
82
What is the remainder when 173026 is divided by 1322?
1166
What is the remainder when 3897219 is divided by 61856?
291
What is the remainder when 7717283 is divided by 9?
8
Calculate the remainder when 1632897 is divided by 1018.
25
Calculate the remainder when 56080814 is divided by 171.
167
What is the remainder when 23001298 is divided by 56?
26
Calculate the remainder when 5456416 is divided by 468.
4
Calculate the remainder when 4508055510 is divided by 27.
24
Calculate the remainder when 532299415 is divided by 5490.
5485
Calculate the remainder when 62976 is divided by 1850.
76
Calculate the remainder when 73350102 is divided by 290.
112
Calculate the remainder when 148585 is divided by 39.
34
What is the remainder when 10515766 is divided by 682?
8
What is the remainder when 30787827 is divided by 9358?
7
Calculate the remainder when 46219 is divided by 40.
19
Calculate the remainder when 82366 is divided by 208.
206
What is the remainder when 3550996 is divided by 952?
36
What is the remainder when 775040867 is divided by 794?
793
Calculate the remainder when 5498650 is divided by 22911.
10
What is the remainder when 13233689 is divided by 4411227?
8
What is the remainder when 1824333 is divided by 67?
57
What is the remainder when 64214 is divided by 7100?
314
What is the remainder when 2559053 is divided by 88242?
35
Calculate the remainder when 2318126 is divided by 33596.
2
Calculate the remainder when 2327318 is divided by 155154.
8
Calculate the remainder when 489006 is divided by 30551.
190
Calculate the remainder when 1696696 is divided by 16312.
248
What is the remainder when 1282842 is divided by 37?
15
What is the remainder when 799722 is divided by 251?
36
Calculate the remainder when 98031081 is divided by 82.
81
What is the remainder when 14046 is divided by 5013?
4020
Calculate the remainder when 42708 is divided by 250.
208
What is the remainder when 774236 is divided by 154831?
81
Calculate the remainder when 1033563 is divided by 5383.
27
Calculate the remainder when 3780439 is divided by 290802.
13
What is the remainder when 30842987 is divided by 963843?
11
Calculate the remainder when 18926 is divided by 701.
700
What is the remainder when 61168 is divided by 2294?
1524
Calculate the remainder when 4026074 is divided by 39469.
236
What is the remainder when 18581677 is divided by 296?
277
Calculate the remainder when 567019 is divided by 16675.
69
Calculate the remainder when 11306589 is divided by 1494.
1491
Calculate the remainder when 2478150 is divided by 3278.
3260
What is the remainder when 70604 is divided by 133?
114
Calculate the remainder when 635090 is divided by 5289.
410
What is the remainder when 23957 is divided by 4732?
297
What is the remainder when 2625397 is divided by 1220?
1177
Calculate the remainder when 103282034 is divided by 519.
515
What is the remainder when 123658 is divided by 29?
2
What is the remainder when 35329236 is divided by 3211747?
19
What is the remainder when 436561 is divided by 22829?
2810
Calculate the remainder when 97556562 is divided by 532.
530
Calculate the remainder when 4051009 is divided by 1012724.
113
Calculate the remainder when 555791 is divided by 63.
5
Calculate the remainder when 606316 is divided by 10892.
7256
Calculate the remainder when 2668097 is divided by 336.
257
Calculate the remainder when 5357013 is divided by 70487.
1
What is the remainder when 19255204 is divided by 202686?
34
Calculate the remainder when 26659471 is divided by 191.
73
What is the remainder when 6362829 is divided by 1624?
1621
Calculate the remainder when 309321 is divided by 6719.
247
What is the remainder when 596491 is divided by 343?
14
What is the remainder when 3603941 is divided by 2945?
2206
What is the remainder when 1179815 is divided by 11589?
9326
Calculate the remainder when 79343314 is divided by 35.
29
What is the remainder when 70398798 is divided by 28?
22
Calculate the remainder when 77445012 is divided by 61562.
16
What is the remainder when 2090819 is divided by 252?
227
Calculate the remainder when 3330791 is divided by 403.
399
Calculate the remainder when 139457 is divided by 34586.
1113
What is the remainder when 167571 is divided by 917?
677
Calculate the remainder when 16432331 is divided by 4409.
4397
Calculate the remainder when 10517669 is divided by 4687.
41
What is the remainder when 3478071015 is divided by 163?
161
Calculate the remainder when 10521580 is divided by 2316.
2308
What is the remainder when 41440 is divided by 2441?
2384
What is the remainder when 163558 is divided by 77170?
9218
What is the remainder when 35817 is divided by 35711?
106
What is the remainder when 909222 is divided by 60563?
777
Calculate the remainder when 174113 is divided by 556.
85
Calculate the remainder when 77849 is divided by 25.
24
What is the remainder when 31297 is divided by 15166?
965
What is the remainder when 61700260 is divided by 468?
76
What is the remainder when 36635357 is divided by 8?
5
What is the remainder when 40441301 is divided by 1322?
1321
What is the remainder when 234295 is divided by 17976?
607
What is the remainder when 21537127 is divided by 5134?
5131
Calculate the remainder when 170874 is divided by 718.
708
Calculate the remainder when 1457248 is divided by 355.
328
What is the remainder when 945395 is divided by 64?
51
What is the remainder when 1868273 is divided by 350?
323
What is the remainder when 1154681 is divided by 3?
2
What is the remainder when 427359 is divided by 426?
81
Calculate the remainder when 13437044 is divided by 7.
5
Calculate the remainder when 631564 is divided by 64.
12
What is the remainder when 13054227 is divided by 15?
12
What is the remainder when 4018158 is divided by 82?
76
What is the remainder when 832756 is divided by 515?
1
Calculate the remainder when 922342966 is divided by 24.
22
What is the remainder when 75654 is divided by 2129?
1139
Calculate the remainder when 14444718 is divided by 12.
6
What is the remainder when 408226 is divided by 1215?
1201
What is the remainder when 2993277 is divided by 463?
445
What is the remainder when 40930 is divided by 20302?
326
Calculate the remainder when 562151 is divided by 212.
139
Calculate the remainder when 55455839 is divided by 352.
351
What is the remainder when 39392536 is divided by 6?
4
Calculate the remainder when 3712064 is divided by 53798.
2
What is the remainder when 58525938 is divided by 26?
16
What is the remainder when 124322996 is divided by 696?
692
What is the remainder when 6305561 is divided by 473?
471
What is the remainder when 911584898 is divided by 4790?
4788
What is the remainder when 152939 is divided by 29700?
4439
What is the remainder when 226742 is divided by 113145?
452
What is the remainder when 4239426 is divided by 57?
51
What is the remainder when 14711931 is divided by 2219?
2180
What is the remainder when 40920 is divided by 19816?
1288
What is the remainder when 559361 is divided by 3161?
3025
What is the remainder when 13394665 is divided by 17?
8
Calculate the remainder when 530983 is divi